actors of 851481.
3, 37, 2557
What are the prime factors of 8330561?
17, 490033
What are the prime factors of 1146465?
3, 5, 73, 349
List the prime factors of 1363850.
2, 5, 27277
What are the prime factors of 7933089?
3, 19, 139177
List the prime factors of 224909.
224909
What are the prime factors of 519604?
2, 129901
List the prime factors of 1990585.
5, 398117
What are the prime factors of 2714839?
1021, 2659
What are the prime factors of 13741301?
7, 73, 26891
What are the prime factors of 339763?
47, 7229
What are the prime factors of 871611?
3, 13, 22349
What are the prime factors of 2153808?
2, 3, 14957
What are the prime factors of 17473651?
13, 1344127
What are the prime factors of 14937?
3, 13, 383
What are the prime factors of 449862?
2, 3, 7, 10711
List the prime factors of 252885.
3, 5, 23, 733
What are the prime factors of 16780549?
617, 27197
List the prime factors of 2517609.
3, 839203
What are the prime factors of 15722663?
11, 433, 3301
What are the prime factors of 4839193?
31, 37, 4219
What are the prime factors of 713454?
2, 3, 7, 16987
What are the prime factors of 155781?
3, 19, 911
What are the prime factors of 53895?
3, 5, 3593
List the prime factors of 8167.
8167
What are the prime factors of 3512134?
2, 1279, 1373
List the prime factors of 2317169.
2317169
What are the prime factors of 155026?
2, 77513
What are the prime factors of 218105?
5, 181, 241
List the prime factors of 30500.
2, 5, 61
What are the prime factors of 163889?
11, 47, 317
List the prime factors of 245346.
2, 3, 103, 397
List the prime factors of 916783.
7, 130969
List the prime factors of 64729.
7, 1321
What are the prime factors of 15141029?
37, 409217
List the prime factors of 963206.
2, 29, 16607
List the prime factors of 171083.
11, 103, 151
List the prime factors of 34822078.
2, 613, 28403
List the prime factors of 6123221.
13, 23, 20479
List the prime factors of 1026644.
2, 256661
List the prime factors of 10339913.
41, 252193
List the prime factors of 3627705.
3, 5, 241847
List the prime factors of 516543.
3, 172181
What are the prime factors of 454489?
7, 64927
List the prime factors of 2527059.
3, 842353
List the prime factors of 53174.
2, 11, 2417
List the prime factors of 96526.
2, 17, 167
What are the prime factors of 1616345?
5, 37, 8737
What are the prime factors of 771785?
5, 7, 22051
What are the prime factors of 2983539?
3, 13, 113, 677
List the prime factors of 2140908.
2, 3, 7, 11, 331
What are the prime factors of 178331?
151, 1181
What are the prime factors of 7298291?
7, 11, 13, 23, 317
List the prime factors of 6028073.
19, 317267
List the prime factors of 132322.
2, 66161
What are the prime factors of 2601478?
2, 11, 118249
What are the prime factors of 77276?
2, 19319
List the prime factors of 3656932.
2, 37, 24709
What are the prime factors of 1583194?
2, 19, 61, 683
What are the prime factors of 235501?
7, 17, 1979
List the prime factors of 1820105.
5, 7, 17, 19, 23
What are the prime factors of 611682?
2, 3, 97, 1051
What are the prime factors of 4845005?
5, 11, 137, 643
List the prime factors of 2023429.
71, 28499
List the prime factors of 14656481.
7, 2093783
What are the prime factors of 949472?
2, 29671
What are the prime factors of 17932743?
3, 1992527
List the prime factors of 14784912.
2, 3, 102673
What are the prime factors of 315372?
2, 3, 41, 641
List the prime factors of 181976.
2, 23, 43
What are the prime factors of 1036138?
2, 89, 5821
What are the prime factors of 4193742?
2, 3, 7, 31, 3221
List the prime factors of 918425.
5, 17, 2161
List the prime factors of 14127364.
2, 3531841
List the prime factors of 1736257.
1736257
List the prime factors of 24843334.
2, 227, 54721
What are the prime factors of 1074740?
2, 5, 17, 29, 109
List the prime factors of 519852.
2, 3, 43321
List the prime factors of 6715943.
13, 516611
List the prime factors of 9067679.
101, 89779
What are the prime factors of 2002875?
3, 5, 7, 109
List the prime factors of 5431372.
2, 1357843
List the prime factors of 228022.
2, 23, 4957
What are the prime factors of 960934?
2, 13, 2843
List the prime factors of 268493.
268493
List the prime factors of 371823.
3, 123941
List the prime factors of 125171.
17, 37, 199
List the prime factors of 4956534.
2, 3, 11, 25033
List the prime factors of 6478679.
71, 91249
What are the prime factors of 195162?
2, 3, 11, 2957
List the prime factors of 9492352.
2, 74159
List the prime factors of 371007.
3, 7, 13, 151
What are the prime factors of 1663062?
2, 3, 277177
What are the prime factors of 1107959?
463, 2393
List the prime factors of 1604749.
17, 94397
What are the prime factors of 41578?
2, 20789
What are the prime factors of 285004?
2, 43, 1657
List the prime factors of 1075050.
2, 3, 5, 2389
What are the prime factors of 9807898?
2, 4903949
What are the prime factors of 546060?
2, 3, 5, 19, 479
What are the prime factors of 691127?
23, 151, 199
List the prime factors of 1549018.
2, 193, 4013
What are the prime factors of 475117?
37, 12841
What are the prime factors of 2102201?
2102201
List the prime factors of 564064.
2, 17627
List the prime factors of 748625.
5, 53, 113
What are the prime factors of 7423603?
11, 47, 83, 173
What are the prime factors of 486287?
43, 263
What are the prime factors of 7684691?
7, 23, 59, 809
List the prime factors of 10228352.
2, 41, 1949
List the prime factors of 122659.
23, 5333
List the prime factors of 228176.
2, 13, 1097
List the prime factors of 77006.
2, 139, 277
List the prime factors of 3896219.
3896219
What are the prime factors of 324707?
324707
List the prime factors of 2462493.
3, 11, 71, 1051
What are the prime factors of 144732?
2, 3, 7, 1723
List the prime factors of 268995.
3, 5, 79, 227
What are the prime factors of 25055655?
3, 5, 67, 107, 233
What are the prime factors of 1537764?
2, 3, 128147
What are the prime factors of 690702?
2, 3, 115117
What are the prime factors of 3689929?
191, 19319
List the prime factors of 235767.
3, 7, 103, 109
List the prime factors of 2319185.
5, 11, 149, 283
List the prime factors of 158515.
5, 7, 647
What are the prime factors of 35021?
7, 5003
List the prime factors of 79101.
3, 11, 17, 47
What are the prime factors of 3959024?
2, 247439
List the prime factors of 517503.
3, 7, 19, 1297
What are the prime factors of 4032640?
2, 5, 6301
List the prime factors of 289708.
2, 23, 47, 67
What are the prime factors of 19374490?
2, 5, 19, 107, 953
List the prime factors of 168997.
17, 9941
What are the prime factors of 1946583?
3, 31, 6977
What are the prime factors of 3533867?
19, 185993
List the prime factors of 12901199.
12901199
List the prime factors of 4229326.
2, 439, 4817
What are the prime factors of 1583447?
1583447
List the prime factors of 455509.
173, 2633
List the prime factors of 1055914.
2, 41, 79, 163
What are the prime factors of 40444?
2, 10111
List the prime factors of 2792392.
2, 19, 18371
List the prime factors of 3945333.
3, 7, 26839
What are the prime factors of 626119?
13, 48163
List the prime factors of 20301030.
2, 3, 5, 71, 353
List the prime factors of 122141.
67, 1823
List the prime factors of 18244736.
2, 142537
What are the prime factors of 235835?
5, 101, 467
What are the prime factors of 228458?
2, 114229
What are the prime factors of 3416776?
2, 11, 41, 947
List the prime factors of 209306.
2, 229, 457
What are the prime factors of 3759561?
3, 13, 10711
What are the prime factors of 1609107?
3, 59, 9091
List the prime factors of 11848.
2, 1481
What are the prime factors of 22515?
3, 5, 19, 79
What are the prime factors of 297568?
2, 17, 547
What are the prime factors of 307570?
2, 5, 30757
What are the prime factors of 74935?
5, 7, 2141
List the prime factors of 1690148.
2, 422537
List the prime factors of 6969689.
6969689
List the prime factors of 466039.
7, 9511
List the prime factors of 1665646.
2, 137, 6079
What are the prime factors of 470250?
2, 3, 5, 11, 19
What are the prime factors of 9325865?
5, 19, 89, 1103
List the prime factors of 7271054.
2, 7, 29, 17909
List the prime factors of 1501844.
2, 307, 1223
What are the prime factors of 14303750?
2, 5, 11443
List the prime factors of 29084.
2, 11, 661
What are the prime factors of 15789490?
2, 5, 89, 113, 157
List th